actors of 3806342.
2, 47, 40493
What are the prime factors of 548946?
2, 3, 30497
List the prime factors of 645308.
2, 29, 5563
List the prime factors of 358570.
2, 5, 23, 1559
List the prime factors of 676972.
2, 169243
List the prime factors of 12764098.
2, 6382049
List the prime factors of 4401545.
5, 317, 2777
What are the prime factors of 39191212?
2, 9797803
List the prime factors of 1026311.
11, 13, 7177
What are the prime factors of 343166?
2, 171583
What are the prime factors of 758259?
3, 173, 487
What are the prime factors of 2589905?
5, 517981
List the prime factors of 78156.
2, 3, 13, 167
List the prime factors of 4537475.
5, 181499
What are the prime factors of 325990?
2, 5, 7, 4657
List the prime factors of 1976661.
3, 219629
What are the prime factors of 184124?
2, 191, 241
List the prime factors of 1427897.
1427897
What are the prime factors of 1305003?
3, 7, 62143
List the prime factors of 5139835.
5, 367, 2801
What are the prime factors of 5431772?
2, 17, 23, 151
What are the prime factors of 3806256?
2, 3, 179, 443
List the prime factors of 56973.
3, 7, 2713
List the prime factors of 1177262.
2, 588631
List the prime factors of 15448999.
15448999
What are the prime factors of 3731492?
2, 41, 61, 373
What are the prime factors of 424891?
424891
What are the prime factors of 255054?
2, 3, 42509
What are the prime factors of 464881?
61, 7621
What are the prime factors of 161242?
2, 80621
List the prime factors of 1220120.
2, 5, 11, 47, 59
What are the prime factors of 6409891?
281, 22811
List the prime factors of 12903534.
2, 3, 7, 102409
What are the prime factors of 63997?
63997
What are the prime factors of 2553364?
2, 11, 58031
What are the prime factors of 26096971?
4987, 5233
What are the prime factors of 2564049?
3, 854683
What are the prime factors of 1642513?
1642513
What are the prime factors of 37055521?
449, 82529
What are the prime factors of 280500?
2, 3, 5, 11, 17
What are the prime factors of 2784418?
2, 7, 13, 15299
List the prime factors of 35450.
2, 5, 709
List the prime factors of 1991070.
2, 3, 5, 22123
List the prime factors of 863970.
2, 3, 5, 31, 929
What are the prime factors of 470256?
2, 3, 97, 101
What are the prime factors of 122318?
2, 7, 8737
What are the prime factors of 11385589?
61, 186649
What are the prime factors of 95534?
2, 37, 1291
List the prime factors of 32215205.
5, 11, 83, 7057
List the prime factors of 611064.
2, 3, 23, 41
List the prime factors of 91273.
7, 13, 17, 59
List the prime factors of 3522144.
2, 3, 19, 1931
List the prime factors of 5739468.
2, 3, 7, 43, 227
List the prime factors of 3674125.
5, 7, 13, 17, 19
What are the prime factors of 68881?
68881
What are the prime factors of 5403421?
193, 27997
List the prime factors of 1905044.
2, 23, 20707
What are the prime factors of 5003409?
3, 547, 3049
What are the prime factors of 387063?
3, 29, 1483
List the prime factors of 10587584.
2, 7, 23633
What are the prime factors of 70889?
7, 13, 19, 41
What are the prime factors of 110915?
5, 7, 3169
List the prime factors of 11550412.
2, 17, 169859
What are the prime factors of 166014?
2, 3, 23, 401
What are the prime factors of 543198?
2, 3, 90533
What are the prime factors of 6032498?
2, 3016249
What are the prime factors of 15531006?
2, 3, 2588501
What are the prime factors of 35732545?
5, 641, 11149
List the prime factors of 465846.
2, 3, 77641
List the prime factors of 1779558.
2, 3, 11, 59, 457
List the prime factors of 328537.
11, 29867
What are the prime factors of 1796818?
2, 898409
What are the prime factors of 1934922?
2, 3, 11, 19, 1543
List the prime factors of 27981905.
5, 7, 799483
What are the prime factors of 923312?
2, 13, 23, 193
List the prime factors of 4617247.
19, 487, 499
What are the prime factors of 882092?
2, 103, 2141
List the prime factors of 24721.
59, 419
What are the prime factors of 5152601?
239, 21559
List the prime factors of 2616732.
2, 3, 24229
What are the prime factors of 9803995?
5, 1960799
List the prime factors of 629277.
3, 11, 19069
List the prime factors of 2194784.
2, 107, 641
List the prime factors of 197300.
2, 5, 1973
What are the prime factors of 249654?
2, 3, 41609
List the prime factors of 1544292.
2, 3, 79, 181
List the prime factors of 58468.
2, 47, 311
What are the prime factors of 19437891?
3, 11, 589027
What are the prime factors of 1948234?
2, 17, 57301
What are the prime factors of 115310?
2, 5, 13, 887
List the prime factors of 259411.
259411
What are the prime factors of 684819?
3, 76091
What are the prime factors of 389617?
139, 2803
List the prime factors of 101800.
2, 5, 509
List the prime factors of 83132.
2, 7, 2969
What are the prime factors of 4886709?
3, 233, 6991
List the prime factors of 275846.
2, 107, 1289
What are the prime factors of 19976085?
3, 5, 73, 2027
List the prime factors of 216295.
5, 181, 239
What are the prime factors of 2140108?
2, 571, 937
List the prime factors of 2645400.
2, 3, 5, 4409
What are the prime factors of 457301?
13, 29, 1213
List the prime factors of 29161852.
2, 7290463
List the prime factors of 1298157.
3, 7, 8831
List the prime factors of 2234489.
1193, 1873
List the prime factors of 1584371.
1584371
List the prime factors of 1488339.
3, 61, 2711
List the prime factors of 1323439.
13, 41, 191
What are the prime factors of 460387?
460387
List the prime factors of 232810.
2, 5, 31, 751
List the prime factors of 2430811.
2430811
What are the prime factors of 2201230?
2, 5, 220123
List the prime factors of 5853198.
2, 3, 13, 75041
What are the prime factors of 230681?
11, 67, 313
What are the prime factors of 1872624?
2, 3, 13, 3001
List the prime factors of 1141462.
2, 7, 81533
List the prime factors of 16967769.
3, 7, 13, 683
What are the prime factors of 3643287?
3, 17, 71437
What are the prime factors of 264678?
2, 3, 31, 1423
What are the prime factors of 26311621?
7, 107, 35129
List the prime factors of 329696.
2, 10303
What are the prime factors of 483766?
2, 241883
List the prime factors of 68701.
23, 29, 103
List the prime factors of 2615.
5, 523
What are the prime factors of 1722080?
2, 5, 47, 229
What are the prime factors of 3158319?
3, 107, 9839
What are the prime factors of 1433597?
11, 53, 2459
What are the prime factors of 22637218?
2, 11318609
List the prime factors of 196246.
2, 98123
What are the prime factors of 2232442?
2, 59, 18919
List the prime factors of 240718.
2, 23, 5233
What are the prime factors of 18910945?
5, 23, 164443
What are the prime factors of 23448?
2, 3, 977
What are the prime factors of 547384?
2, 53, 1291
List the prime factors of 1315173.
3, 438391
What are the prime factors of 1366637?
23, 59419
List the prime factors of 635259.
3, 107, 1979
List the prime factors of 941142.
2, 3, 227, 691
List the prime factors of 351092.
2, 7, 12539
What are the prime factors of 277413?
3, 89, 1039
What are the prime factors of 941710?
2, 5, 7, 11, 1223
List the prime factors of 98799.
3, 32933
What are the prime factors of 4001567?
4001567
List the prime factors of 145041.
3, 13, 3719
List the prime factors of 1832724.
2, 3, 50909
What are the prime factors of 1082351?
1082351
List the prime factors of 1057720.
2, 5, 31, 853
What are the prime factors of 534985?
5, 11, 71, 137
What are the prime factors of 2090489?
2090489
What are the prime factors of 3420055?
5, 283, 2417
List the prime factors of 3674871.
3, 23, 41, 433
What are the prime factors of 287929?
17, 16937
List the prime factors of 22134774.
2, 3, 3689129
List the prime factors of 6102.
2, 3, 113
List the prime factors of 266871.
3, 11, 8087
What are the prime factors of 7534043?
11, 17, 40289
List the prime factors of 4127968.
2, 13, 9923
What are the prime factors of 564042?
2, 3, 94007
What are the prime factors of 695990?
2, 5, 79, 881
List the prime factors of 13285258.
2, 7, 948947
What are the prime factors of 1692569?
31, 71, 769
What are the prime factors of 479363?
137, 3499
What are the prime factors of 6326581?
6326581
List the prime factors of 233827.
11, 29, 733
What are the prime factors of 2557458?
2, 3, 47, 3023
What are the prime factors of 2102683?
11, 23, 8311
What are the prime factors of 51482?
2, 25741
What are the prime factors of 16143259?
11, 151, 9719
Li